 Give y(-53).
9
Let f(l) = -5*l**3 + 75*l**2 + 11*l - 55. Give f(15).
110
Let s(t) = -301*t**2 + 4464*t - 3454. Give s(14).
46
Let m(t) = -14186*t**2 - 71054*t - 5. Determine m(-5).
615
Let n(f) = -4159*f + 16831. Calculate n(4).
195
Let a(j) = -4087224*j + 4087218. What is a(1)?
-6
Let f(c) = 15*c**3 - 53*c**2 - 109*c - 39. Determine f(5).
-34
Let f(w) = -3*w**2 - 229*w - 292. Give f(-80).
-1172
Let b(d) = 1350134*d - 35103494. Give b(26).
-10
Let d(i) = 2*i**2 - 4994*i - 35058. Calculate d(-7).
-2
Let j(h) = 1447*h + 60918. Give j(-42).
144
Let g(c) = -4*c - 1081. Give g(-29).
-965
Let k(p) = -21*p**3 + 7818*p**2 - 2237*p + 1937. Determine k(372).
77
Let r(c) = -16089*c + 5068010. Give r(315).
-25
Let x(t) = -t**3 + 27*t**2 + 258*t - 5031. Determine x(30).
9
Let l(o) = 128745*o - 14290693. What is l(111)?
2
Let g(h) = 2*h**2 + 226*h + 1917. Give g(-98).
-1023
Let z(n) = -167256*n + 669046. What is z(4)?
22
Let d(l) = -40021*l + 480205. What is d(12)?
-47
Let t(j) = -2*j**3 - 1206*j**2 + 3140*j - 300568. Determine t(-606).
8
Let j(d) = -16*d**2 - 1071*d - 3090. Calculate j(-3).
-21
Let b(o) = -o**3 - 3*o**2 + 230*o + 1326. What is b(-7)?
-88
Let t(m) = m**3 + 12*m**2 - 167*m - 1533. What is t(-8)?
59
Let t(n) = -1102*n + 69046. Give t(63).
-380
Let z(i) = -1462*i**2 + 7309*i - 15. Calculate z(5).
-20
Let g(f) = -2661*f + 385855. Calculate g(145).
10
Let u(x) = x**3 + 4180*x**2 - 41905*x + 31. Give u(10).
-19
Let i(a) = -13*a**2 - 191*a + 659. Give i(3).
-31
Let i(j) = -20436*j - 2207087. Determine i(-108).
1
Let l(t) = -1434*t + 93444. Give l(65).
234
Let w(h) = h**2 + 125*h + 1481. Give w(-22).
-785
Let g(u) = -34*u**2 - 36478*u + 109451. Calculate g(3).
-289
Let m(a) = -a**2 + 56*a + 4008. Determine m(-41).
31
Let b(m) = -2644*m - 13997. Calculate b(-5).
-777
Let w(y) = -64*y**2 + 16126*y + 535. Determine w(252).
31
Let t(b) = 94*b + 5021. Calculate t(-43).
979
Let g(a) = 2*a**3 + 112*a**2 + 361*a + 2284. What is g(-53)?
5
Let x(z) = -12*z**2 - 600*z + 1238. Give x(-52).
-10
Let p(s) = -13*s**2 + 362*s + 1927. What is p(-5)?
-208
Let v(t) = -2*t**2 - 6*t + 1262. Give v(-23).
342
Let h(k) = -k**3 - 102*k**2 + 57*k - 4615. Calculate h(-103).
123
Let v(w) = -67*w**2 - 247*w - 480. What is v(-2)?
-254
Let c(r) = 25949*r - 51936. What is c(2)?
-38
Let d(t) = -2*t**3 - 117*t**2 - 1706*t + 91. Calculate d(-28).
35
Let k(g) = 3*g**3 + 114*g**2 + 452*g - 12. Calculate k(-33).
1407
Let x(w) = 110*w**2 - 213*w - 1804. What is x(5)?
-119
Let h(t) = -20775*t - 145411. Calculate h(-7).
14
Let o(q) = 172*q - 12472. Give o(71).
-260
Let m(c) = 35*c**2 + 426*c - 3080. Determine m(5).
-75
Let h(k) = k**2 - 24*k - 43. Determine h(9).
-178
Let s(d) = -21*d**2 - 38*d + 293. Calculate s(-5).
-42
Let g(k) = 22*k**2 - 2532*k - 5061. Calculate g(-2).
91
Let k(v) = 11*v**2 + 735*v - 5694. What is k(7)?
-10
Let b(g) = -3*g**3 - 43*g**2 - 134*g - 27. Give b(-6).
-123
Let g(f) = 3*f**2 + 901*f - 19200. Give g(20).
20
Let c(y) = -6929*y - 93918. Calculate c(-14).
3088
Let g(r) = -r**2 - 38573*r + 424334. Determine g(11).
-90
Let r(d) = -14012*d - 13852. What is r(-1)?
160
Let t(i) = -49001*i + 245005. Determine t(5).
0
Let p(b) = -b**3 - 307*b**2 + 2522*b + 800. Calculate p(-315).
170
Let b(c) = c**3 + 54*c**2 + 959*c + 44467. Determine b(-52).
7
Let q(z) = 43*z**2 - 2215*z + 49. What is q(52)?
1141
Let c(h) = -16257*h + 81330. What is c(5)?
45
Let g(u) = 13*u**2 - 2337*u - 17625. Determine g(187).
-47
Let f(p) = 13*p**2 + 2237*p - 11344. Determine f(-177).
-16
Let v(m) = 2*m**3 + 7*m**2 + 16. Determine v(-4).
0
Let y(n) = -139*n**2 - 1095*n + 141. Calculate y(-8).
5
Let x(v) = -11858*v - 59316. What is x(-5)?
-26
Let a(d) = 18*d**2 + 7*d - 730. What is a(-8)?
366
Let l(z) = -z**2 - 255*z - 3392. Give l(-17).
654
Let t(w) = -7680*w + 53786. What is t(7)?
26
Let v(p) = p**3 + 69*p**2 - 910*p - 2729. Determine v(-80).
-329
Let r(k) = 159*k + 4882. What is r(-33)?
-365
Let b(t) = 13*t**2 + 70569*t - 2771970. Give b(39).
-6
Let r(z) = -338*z - 2869. What is r(-9)?
173
Let f(x) = -2285*x + 34267. Give f(15).
-8
Let a(l) = -5*l**2 + 599*l + 3280. Give a(125).
30
Let d(q) = 8*q**3 + 873*q**2 + 94*q - 1401. What is d(-109)?
234
Let b(f) = -f**3 - 13*f**2 + 81*f - 131. What is b(2)?
-29
Let w(r) = -200*r + 28087. Calculate w(142).
-313
Let a(d) = -d**2 + 13661*d - 504081. What is a(37)?
7
Let s(t) = 16*t**2 - 295*t + 1265. Determine s(5).
190
Let x(g) = -g**2 + 22*g + 3073. What is x(68)?
-55
Let f(y) = -160959*y + 322083. Determine f(2).
165
Let q(s) = -s**3 + 156*s**2 + 134*s + 1897. Calculate q(157).
-1714
Let h(g) = -454*g + 3744. Determine h(-3).
5106
Let m(r) = r**2 - 6099*r + 121570. What is m(20)?
-10
Let n(v) = -v**3 - 66*v**2 - 516*v + 458. Give n(-57).
629
Let g(b) = -17*b**2 + 956*b - 922. Calculate g(1).
17
Let v(d) = -d**3 - 153*d**2 - 2245*d - 198. What is v(-16)?
650
Let y(w) = w**3 + 116*w**2 + 1333*w - 148. What is y(-103)?
470
Let y(v) = v**2 + 261*v + 9168. Give y(-42).
-30
Let q(t) = 752*t - 121851. Determine q(162).
-27
Let c(b) = 45895*b - 688434. What is c(15)?
-9
Let k(q) = 11*q**2 - 44*q - 157. Determine k(6).
-25
Let x(o) = o**3 - 743*o**2 - 5247*o - 2227. Calculate x(750).
23
Let c(n) = -1590*n + 58859. Give c(37).
29
Let q(u) = -51856*u + 622244. Give q(12).
-28
Let q(t) = 2*t**3 + 18*t**2 - 299*t + 193. Calculate q(8).
-23
Let p(g) = -2*g**3 + 293*g**2 + 149*g - 148. What is p(147)?
146
Let j(d) = -781737*d - 11726041. Determine j(-15).
14
Let r(p) = -p**3 + 178*p**2 - 2340*p + 416527. Give r(178).
7
Let z(p) = -6*p**2 - 552*p - 12064. What is z(-36)?
32
Let n(t) = -t**3 + 113*t**2 - 9822*t + 1044105. Determine n(110).
-15
Let h(t) = t**3 + 51*t**2 + 372*t + 792. Determine h(-4).
56
Let d(s) = s**3 + 72*s**2 + 1255*s + 3422. Give d(-22).
12
Let x(j) = j**2 - 9332*j - 149638. Determine x(-16).
-70
Let h(t) = 14*t**2 - 2510*t - 361. What is h(179)?
-1077
Let g(c) = c**2 + 112194*c + 897478. Give g(-8).
-10
Let m(q) = q**3 + 2004*q**2 - 8087*q - 110445. Calculate m(-2008).
-5
Let c(g) = 12*g**3 + 803*g**2 - 65*g + 53. Determine c(-67).
-81
Let n(l) = 13*l**2 - 31*l - 638. What is n(-8)?
442
Let u(m) = m**3 + 71*m**2 - 600*m + 2541. Determine u(-79).
13
Let j(u) = -u**3 - 6*u**2 + 152*u - 56. Give j(9).
97
Let o(b) = -b**3 + 89*b**2 + 859*b + 2577. Calculate o(98).
323
Let n(z) = 821*z + 257829. Determine n(-314).
35
Let m(b) = 2*b**2 - 14*b - 65863. Calculate m(-178).
-3
Let f(w) = 42394*w + 2458849. Determine f(-58).
-3
Let c(v) = 6*v**2 + 1757*v - 62667. Give c(-325).
58
Let x(y) = -2*y**2 + 4303*y - 2140714. Calculate x(781).
7
Let o(u) = -12256*u - 551660. Determine o(-45).
-140
Let j(d) = 59897*d + 239798. What is j(-4)?
210
Let g(u) = 2*u**2 - 540*u + 11369. Give g(23).
7
Let q(z) = 5298*z - 121898. Calculate q(23).
-44
Let d(i) = 4906*i**2 + 103026*i + 12. Calculate d(-21).
12
Let y(l) = 246*l**2 - 552*l + 650. Give y(2).
530
Let v(k) = 57*k**2 - 432*k - 2143. Calculate v(11).
2
Let g(i) = -12312*i + 345010. What is g(28)?
274
Let i(n) = -1872*n**2 - 3611*n - 9. What is i(-2)?
-275
Let b(h) = 18*h + 1840. Calculate b(-78).
436
Let r(o) = -o**3 - 507*o**2 + 3107*o - 131. Give r(6).
43
Let a(s) = 158292*s + 949797. Calculate a(-6).
45
Let d(q) = -79*q**3 + 4*q**2 + 32*q - 57. What is d(2)?
-609
Let r(y) = -4*y**2 - 146*y - 28. Calculate r(-40).
-588
Let m(w) = -w**3 - 25*w**2 - 42*w + 534. Calculate m(-22).
6
Let a(o) = 12*o - 200. Calculate a(-23).
-476
Let z(s) = 11728*s - 903082. Give z(77).
-26
Let o(s) = -s**2 - 56612*s - 4014406. What is o(-71)?
5
Let r(d) = d**3 - 42*d**2 - 407*d - 844. Determine r(-5).
16
Let t(c) = 244*c + 970. Calculate t(3).
1702
Let y(c) = -3*c**2 - 781*c + 10367. Calculate y(-273).
-7
Let s(j) = -5174*j + 4969. Give s(1).
-205
Let u(t) = -t**2 + 24555*t + 319421. Calculate u(-13).
37
Let k(s) = s**3 + 14*s**2 + 56*s + 63. Calculate k(-8).
-1
Let d(k) = -2023*k - 1411993. Determine d(-698).
61
Let p(k) = -4*k**2 - 298*k - 3540. Determine p(-14).
-152
Let f(m) = -73462*m + 514177. Determine f(7).
-57
Let j(h) = -52444*h + 524270. Give j(10).
-170
Let k(d) = -3*d**3 + 2*d - 66. What is k(-5)?
299
Let m(g) = -3*g**3 + 10*g**2 + 18*g - 87. Determine m(7).
-500
Let v(c) = 205*c**2 + 1055*c - 36. Determine v(-5).
-186
L